+ -91?
-79
In base 3, what is 102122210002 - -10?
102122210012
In base 8, what is 1461 - -703?
2364
In base 13, what is -3244 + 11?
-3233
In base 8, what is 14 + -75653?
-75637
In base 11, what is 10763 + 4?
10767
In base 13, what is -22c0 - -16?
-22a7
In base 2, what is 11 + -10101000100011000?
-10101000100010101
In base 3, what is -122020 - -100021110?
22122020
In base 7, what is 65 + 11436?
11534
In base 5, what is -134 + -112304?
-112443
In base 15, what is 1438a - -1?
1438b
In base 4, what is 20120 + 110220?
131000
In base 4, what is -1332 - -33333?
32001
In base 4, what is -10313202 - 10?
-10313212
In base 8, what is 43467 - -3?
43472
In base 3, what is -1001011011 + 2201?
-1001001110
In base 6, what is 14414 + -1535?
12435
In base 3, what is 2000202001 + -1?
2000202000
In base 3, what is 2 - -101222020?
101222022
In base 6, what is -554440 + -4?
-554444
In base 13, what is 436 - -3b?
474
In base 9, what is -62853 - 1?
-62854
In base 4, what is 1022 + 33330?
101012
In base 7, what is -14323 + -2243?
-16566
In base 12, what is 6b0 - -474?
b64
In base 8, what is -3 - 234213?
-234216
In base 11, what is -19116 + 11?
-19105
In base 11, what is 467934a - -3?
4679352
In base 6, what is -23 + -35340?
-35403
In base 12, what is -174 + 682?
50a
In base 8, what is 4 + 1242315?
1242321
In base 12, what is -31 - b457?
-b488
In base 2, what is -11000010001010000 - 10?
-11000010001010010
In base 4, what is -202122033 + 1?
-202122032
In base 12, what is -19206 + -5?
-1920b
In base 11, what is -1a + -8618?
-8637
In base 2, what is 110100110101001101001101 + 100?
110100110101001101010001
In base 15, what is -2 - -4ea7?
4ea5
In base 14, what is -31 - 1d?
-50
In base 14, what is 5 - 28499?
-28494
In base 7, what is 4461122 - 5?
4461114
In base 10, what is 358450 + 17?
358467
In base 15, what is -2 - 506b5?
-506b7
In base 4, what is 33102001 + 11?
33102012
In base 4, what is -13311310 - -1?
-13311303
In base 2, what is 1011010 - -101?
1011111
In base 12, what is -5 - -2223?
221a
In base 12, what is -1 - 41624b?
-416250
In base 4, what is -210213 - 230?
-211103
In base 7, what is 43 + -2416?
-2343
In base 14, what is -91b - c2?
-9dd
In base 13, what is 12c4a3 - 2?
12c4a1
In base 4, what is 3010121 - 1011?
3003110
In base 4, what is 30001 - -101?
30102
In base 5, what is -322 + -10?
-332
In base 6, what is 3 + -110105?
-110102
In base 13, what is b1 + -59?
55
In base 3, what is 1020222 + 101212?
1122211
In base 14, what is 1a6 + 2572?
2738
In base 16, what is -2 - -f1e1f?
f1e1d
In base 9, what is -1 + -385150?
-385151
In base 8, what is -544 - 1267?
-2033
In base 3, what is -11120102 - -1?
-11120101
In base 4, what is -31102 + 31?
-31011
In base 11, what is 3 + a2270?
a2273
In base 3, what is 1202200 - 11112?
1121011
In base 5, what is -12421 - -23?
-12343
In base 15, what is 2 + 104d5?
104d7
In base 8, what is 43 - -14436?
14501
In base 13, what is 28 + 1365?
1390
In base 4, what is 220123112 + 3?
220123121
In base 16, what is -11 - 927?
-938
In base 6, what is 402 + -4020?
-3214
In base 12, what is -21 + b389?
b368
In base 15, what is 5 - 2964?
-295e
In base 8, what is -15117112 - 3?
-15117115
In base 12, what is -1b99 + 18?
-1b81
In base 15, what is -10e + 2469?
235a
In base 16, what is -9df - -c1?
-91e
In base 2, what is 1000100101000 + 111?
1000100101111
In base 2, what is 100010110100011 + 1?
100010110100100
In base 7, what is -460 + -514?
-1304
In base 10, what is -3825 + 10?
-3815
In base 12, what is 85 + -2b3?
-22a
In base 5, what is 31 - -324413?
324444
In base 12, what is -1 + -279319?
-27931a
In base 12, what is -128 - -7012?
6aa6
In base 8, what is -21 - -7452?
7431
In base 8, what is -1205 - -12755?
11550
In base 2, what is -11111110110000110010 + 100?
-11111110110000101110
In base 11, what is -118 - -169?
51
In base 5, what is 342202011 + 1?
342202012
In base 6, what is 3111405 - 1?
3111404
In base 14, what is 4a3 + c?
4b1
In base 2, what is 111011101 - -101011?
1000001000
In base 8, what is -30715 + 155?
-30540
In base 16, what is -2377 + -4?
-237b
In base 2, what is 100 + -1000100100011011111?
-1000100100011011011
In base 12, what is 7830 - -23?
7853
In base 16, what is -1 - -6cdf?
6cde
In base 16, what is -4e1 + 33a?
-1a7
In base 2, what is -100 - 101000000001001100?
-101000000001010000
In base 9, what is 46872 + 3?
46875
In base 11, what is -125380 + 3?
-125378
In base 10, what is -72 + -2615?
-2687
In base 15, what is 12 + -790d?
-78eb
In base 16, what is 18de + -3?
18db
In base 3, what is 10 + 22101011?
22101021
In base 15, what is 3bd4 - -4?
3bd8
In base 11, what is -1a5 - 2748?
-2942
In base 13, what is -131 + -173?
-2a4
In base 6, what is 310 - -1443?
2153
In base 9, what is -3 + 17813?
17810
In base 3, what is 110 - -20220?
21100
In base 10, what is 3783 - -76?
3859
In base 6, what is 25431 - -1030?
30501
In base 8, what is -17034 - 4?
-17040
In base 4, what is 11 - -3213223311?
3213223322
In base 7, what is -1022616 - -3?
-1022613
In base 11, what is 562 + -674?
-112
In base 3, what is 12 + -20201022?
-20201010
In base 4, what is 231101 + -332?
230103
In base 8, what is 3 + -1216211?
-1216206
In base 13, what is -25a - -39?
-221
In base 6, what is -130 + 2524?
2354
In base 12, what is 60b - 312b?
-2720
In base 13, what is 12483 - 4?
1247c
In base 5, what is 1442433 + -21?
1442412
In base 12, what is 1 - 9a41?
-9a40
In base 10, what is 3 + -445091?
-445088
In base 13, what is -4c + -383?
-402
In base 6, what is 2125535 + -3?
2125532
In base 2, what is 10 - 110110100110010010?
-110110100110010000
In base 9, what is 2 - -30386?
30388
In base 6, what is -5 + 3014500?
3014451
In base 15, what is 2aa81 + -5?
2aa7b
In base 5, what is -20242 - 332?
-21124
In base 11, what is -2067a61 - 3?
-2067a64
In base 16, what is 38964 + -2?
38962
In base 6, what is -42 + -15242?
-15324
In base 5, what is -2312404 + 13?
-2312341
In base 3, what is 10 + 1100010210120?
1100010210200
In base 13, what is -94 - 43a?
-501
In base 14, what is -15 - -a78?
a63
In base 13, what is -31639 - 2?
-3163b
In base 11, what is -53 + 2194?
2141
In base 10, what is 32 - -76446?
76478
In base 11, what is -7 + -839?
-845
In base 13, what is 64 + -b78?
-b14
In base 12, what is 10 - -48462?
48472
In base 3, what is 21 + 200220002?
200220100
In base 16, what is 2 - -1cbf?
1cc1
In base 9, what is -6 - -2230?
2223
In base 2, what is 0 + 100000000001110?
100000000001110
In base 2, what is 1 - -10111111001111010?
10111111001111011
In base 13, what is -2771 - -17?
-2757
In base 11, what is -95 + 198?
103
In base 16, what is -c19 + fc?
-b1d
In base 10, what is 12303 + -21?
12282
In base 9, what is -18 + -350634?
-350653
In base 5, what is 44 + -143010?
-142411
In base 4, what is 12212 - 112?
12100
In base 16, what is -4e8b0 + -1?
-4e8b1
In base 12, what is 3264a - 3?
32647
In base 16, what is -3 + 617e?
617b
In base 10, what is 30 + 2226?
2256
In base 3, what is 102102211 - 100?
102102111
In base 16, what is -a + 893?
889
In base 13, what is 4a7b + -16?
4a65
In base 4, what is -1031 - -21321?
20230
In base 15, what is 4c + be3?
c40
In base 9, what is 1683881 - -1?
1683882
In base 8, what is -4166 - 655?
-5043
In base 7, what is -45 + -143230?
-143305
In base 3, what is -10210 - -101210?
21000
In base 7, what is 1542 - 614?
625
In base 4, what is -2 + -3311103?
-3311111
In base 4, what is -1100102 + 1023?
-1033013
In base 16, what is c - -52df?
52eb
In base 5, what is 203444 - -1143?
210142
In base 3, what is 12012221 - 211?
12012010
In base 8, what is -202 - -30743?
30541
In base 13, what is -138531 - 2?
-138533
In base 2, what is 110100110111001010000 + 100?
110100110111001010100
In base 15, what is 16d47 + -5?
16d42
In base 9, what is -66 - -250?
173
In base 9, what is 5 - 23344?
-23338
In base 9, what is -1262 - 1040?
-2312
In base 7, what is -10 - -424326?
424316
In base 14, what is -822 - 69?
-88b
In base 3, what is 11201001 - -120?
11201121
In base 9, what is -13 + -432?
-445
In base 16, what is 18e0d3 - -2?
18e0d5
In base 15, what is -2 + b9d4?
b9d2
In base 10, what is 3 + 148389?
148392
In base 3, what is 0 - -10020211221?
10020211221
In base 11, what is -30089 + -1?
-3008a
In base 13, what is b967 + -22?
b945
In base 9, what is -106285 + 0?
-106285
In base 3, what is -12